What is the thousands digit of 2037?
2
What is the thousands digit of 54469?
4
What is the tens digit of 16379?
7
What is the thousands digit of 13595?
3
What is the units digit of 36807?
7
What is the thousands digit of 11346?
1
What is the units digit of 2066?
6
What is the thousands digit of 4345?
4
What is the hundreds digit of 458?
4
What is the tens digit of 16608?
0
What is the thousands digit of 11392?
1
What is the units digit of 16746?
6
What is the thousands digit of 65276?
5
What is the thousands digit of 39171?
9
What is the hundreds digit of 913?
9
What is the hundreds digit of 115?
1
What is the units digit of 734?
4
What is the units digit of 5913?
3
What is the units digit of 2202?
2
What is the hundreds digit of 1912?
9
What is the thousands digit of 2396?
2
What is the units digit of 1957?
7
What is the hundreds digit of 28158?
1
What is the ten thousands digit of 16671?
1
What is the thousands digit of 4087?
4
What is the tens digit of 1292?
9
What is the hundreds digit of 2774?
7
What is the thousands digit of 6166?
6
What is the tens digit of 4262?
6
What is the hundreds digit of 937?
9
What is the tens digit of 621?
2
What is the thousands digit of 1040?
1
What is the thousands digit of 7152?
7
What is the units digit of 17205?
5
What is the ten thousands digit of 120292?
2
What is the tens digit of 13993?
9
What is the tens digit of 1342?
4
What is the units digit of 862?
2
What is the tens digit of 5298?
9
What is the tens digit of 1095?
9
What is the units digit of 103786?
6
What is the units digit of 3204?
4
What is the ten thousands digit of 50612?
5
What is the hundreds digit of 649?
6
What is the tens digit of 108003?
0
What is the thousands digit of 7454?
7
What is the hundreds digit of 7875?
8
What is the units digit of 2843?
3
What is the thousands digit of 102867?
2
What is the units digit of 62?
2
What is the tens digit of 111010?
1
What is the ten thousands digit of 116445?
1
What is the ten thousands digit of 32260?
3
What is the units digit of 225?
5
What is the hundreds digit of 17155?
1
What is the tens digit of 1425?
2
What is the units digit of 719?
9
What is the hundreds digit of 3187?
1
What is the tens digit of 2061?
6
What is the units digit of 1812?
2
What is the thousands digit of 31440?
1
What is the hundreds digit of 5205?
2
What is the tens digit of 42788?
8
What is the tens digit of 770?
7
What is the units digit of 12382?
2
What is the thousands digit of 25867?
5
What is the hundreds digit of 2594?
5
What is the tens digit of 5183?
8
What is the hundreds digit of 1412?
4
What is the hundreds digit of 4102?
1
What is the hundreds digit of 232?
2
What is the tens digit of 815?
1
What is the tens digit of 2875?
7
What is the ten thousands digit of 26574?
2
What is the hundreds digit of 2794?
7
What is the ten thousands digit of 25179?
2
What is the thousands digit of 2778?
2
What is the hundreds digit of 543?
5
What is the hundreds digit of 1558?
5
What is the tens digit of 1745?
4
What is the tens digit of 27269?
6
What is the ten thousands digit of 41628?
4
What is the hundreds digit of 20030?
0
What is the hundreds digit of 1542?
5
What is the hundreds digit of 30562?
5
What is the hundreds digit of 179?
1
What is the hundreds digit of 50869?
8
What is the hundreds digit of 1382?
3
What is the thousands digit of 1620?
1
What is the tens digit of 98471?
7
What is the hundreds digit of 2162?
1
What is the units digit of 821?
1
What is the units digit of 29254?
4
What is the tens digit of 2345?
4
What is the units digit of 1468?
8
What is the thousands digit of 2428?
2
What is the hundreds digit of 1053?
0
What is the hundreds digit of 90892?
8
What is the tens digit of 4259?
5
What is the hundreds digit of 6440?
4
What is the tens digit of 1973?
7
What is the tens digit of 1123?
2
What is the thousands digit of 18198?
8
What is the thousands digit of 47105?
7
What is the thousands digit of 4064?
4
What is the thousands digit of 3129?
3
What is the tens digit of 43201?
0
What is the thousands digit of 1920?
1
What is the hundreds digit of 511?
5
What is the hundreds digit of 4626?
6
What is the ten thousands digit of 13854?
1
What is the units digit of 744?
4
What is the thousands digit of 125526?
5
What is the tens digit of 85213?
1
What is the tens digit of 20992?
9
What is the hundred thousands digit of 122291?
1
What is the hundreds digit of 2867?
8
What is the units digit of 29924?
4
What is the units digit of 5174?
4
What is the units digit of 7679?
9
What is the tens digit of 431?
3
What is the thousands digit of 15514?
5
What is the thousands digit of 5679?
5
What is the hundreds digit of 15313?
3
What is the units digit of 85?
5
What is the hundreds digit of 13162?
1
What is the units digit of 2463?
3
What is the tens digit of 5290?
9
What is the tens digit of 931?
3
What is the tens digit of 3813?
1
What is the thousands digit of 66493?
6
What is the units digit of 1211?
1
What is the tens digit of 681?
8
What is the thousands digit of 132441?
2
What is the tens digit of 2641?
4
What is the thousands digit of 52086?
2
What is the hundreds digit of 51306?
3
What is the tens digit of 126593?
9
What is the units digit of 184?
4
What is the tens digit of 2551?
5
What is the tens digit of 85015?
1
What is the hundreds digit of 1037?
0
What is the units digit of 5943?
3
What is the hundreds digit of 6074?
0
What is the thousands digit of 1914?
1
What is the hundreds digit of 8958?
9
What is the units digit of 1976?
6
What is the thousands digit of 130100?
0
What is the tens digit of 2906?
0
What is the thousands digit of 9823?
9
What is the tens digit of 1982?
8
What is the hundreds digit of 5098?
0
What is the units digit of 3691?
1
What is the tens digit of 404?
0
What is the ten thousands digit of 24309?
2
What is the hundreds digit of 1679?
6
What is the tens digit of 2605?
0
What is the units digit of 1724?
4
What is the hundreds digit of 682?
6
What is the units digit of 16755?
5
What is the hundreds digit of 11574?
5
What is the tens digit of 5544?
4
What is the hundreds digit of 3609?
6
What is the tens digit of 974?
7
What is the tens digit of 1245?
4
What is the ten thousands digit of 25912?
2
What is the hundreds digit of 346?
3
What is the hundreds digit of 21800?
8
What is the hundreds digit of 533?
5
What is the tens digit of 628?
2
What is the tens digit of 685?
8
What is the hundreds digit of 1669?
6
What is the tens digit of 902?
0
What is the thousands digit of 24978?
4
What is the hundreds digit of 41485?
4
What is the thousands digit of 4639?
4
What is the thousands digit of 75477?
5
What is the units digit of 11448?
8
What is the hundreds digit of 1652?
6
What is the units digit of 3661?
1
What is the tens digit of 43149?
4
What is the thousands digit of 1289?
1
What is the hundreds digit of 31267?
2
What is the tens digit of 556?
5
What is the tens digit of 71?
7
What is the thousands digit of 30820?
0
What is the units digit of 976?
6
What is the hundreds digit of 321?
3
What is the ten thousands digit of 74770?
7
What is the tens digit of 614?
1
What is the hundreds digit of 183518?
5
What is the thousands digit of 5252?
5
What is the ten thousands digit of 15369?
1
What is the tens digit of 42?
4
What is the hundreds digit of 1196?
1
What is the units digit of 3588?
8
What is the tens digit of 9289?
8
What is the tens digit of 521?
2
What is the units digit of 4203?
3
What is the tens digit of 129439?
3
What is the units digit of 952?
2
What is the units digit of 49154?
4
What is the hundreds digit of 100905?
9
What is the hundreds digit of 1712?
7
What is the tens digit of 2255?
5
What is the units digit of 396?
6
What is the thousands digit of 33253?
3
What is the thousands digit of 1592?
1
What is the ten thousands digit of 89886?
8
What is the units digit of 204676?
6
What is the hundreds digit of 586?
5
What is the tens digit of 832?
3
What is the units digit of 1431?
1
What is the units digit of 6811?
1
What is the units digit of 4965?
5
What is the hundreds digit of 137?
1
What is the units digit of 2881?
1
What is the thousands digit of 17360?
7
What is the tens digit of 6699?
9
What is the tens digit of 749?
4
What is the thousands digit of 1334?
1
Wha